*s + 24. Determine t(i).
-8
Let a(p) = 6*p - 23. Let k = -4759 + 4770. What is a(k)?
43
Let v(m) = -m**3 + 16*m**2 - 38*m - 32. Suppose 3*n = 4*s - 31, s - n + 2 = 8. What is v(s)?
-19
Let n(i) = -2*i**3 - 7*i**2 - 2*i + 4. Let g be (-3)/9*(6 + 3). Let v be n(g). Let m(w) = 2 + 2*w**2 + 5*w**2 - w + w**3 - 8 - v. Give m(-7).
0
Let p(h) = -6385*h + 289 - h**2 + 6388*h - 258. Calculate p(11).
-57
Let z(d) = -260*d + 88*d + 87*d + 86*d. Suppose -60 = 3*o - 8*o. Let i = -9 + o. What is z(i)?
3
Suppose -38*z = -41*z + 411. Let k = z + -141. Let a(q) = -2*q + 5. Determine a(k).
13
Let a(m) = 2*m**3 + m**2 + m + 3. Let h(y) = 7*y**3 + 10*y**2 + 7*y + 17. Let i(g) = -3*a(g) + h(g). Let u = 129 - 135. Determine i(u).
20
Let t(s) = -s**2 - 4*s - 18. Let r(d) = 6*d**2 - 47*d - 307. Let l be r(12). Give t(l).
-39
Let o be (8 - (1 + 1)) + (42 - 43). Suppose o*p - 3*r + 2*r - 5 = 0, 4*r + 3 = 3*p. Let j(w) = 25*w**3 + 2*w**2 - w. What is j(p)?
26
Suppose -3*k + 2*j = -31, 6*k + 3*j - 64 = 2*k. Let h(o) = 10*o - 31. Calculate h(k).
99
Let s be (-245)/2 - (-18)/(-36) - 2. Let i = s - -131. Let f(n) = n - 14. What is f(i)?
-8
Let g be (-24 - -16)*(-8 + 6)/(-4 + 0). Let k(d) = d**3 + d**2 - 7*d - 5. Calculate k(g).
-25
Let o be (-627)/(-27) - 2/9. Suppose 22*u = o*u + 21. Let v = -23 - u. Let a(d) = -d**2 - 2*d - 2. Give a(v).
-2
Let b(z) be the third derivative of z**5/30 + 7*z**4/12 + 5*z**3 + 4*z**2 + 26*z - 28. Determine b(-3).
6
Let a(j) = -40 + 11836*j**3 - 6*j - 11835*j**3 - 9 + 21*j - 11*j**2. Determine a(10).
1
Let o(y) = -5*y + 35. Let f = 5587 + -5583. What is o(f)?
15
Suppose 2*t - 21 = -3*f, 5*t = 2*f - 24 - 9. Let d(k) = 2*k - 12. Give d(f).
6
Let s(d) be the second derivative of d**4/12 - d**3/6 + d**2 - 2*d. Suppose 0 = -19*j + 3*j + 320. Suppose 12*c = j*c. Give s(c).
2
Let q(x) be the third derivative of 9*x**4/4 - x**3/6 + 527*x**2. Calculate q(1).
53
Let o(k) be the first derivative of -k**4/8 - k**3/3 - 109*k**2/2 + 186. Let g(n) be the second derivative of o(n). Give g(3).
-11
Let q(j) = 4*j + 28. Let y be -10 - (-4 + 9 + -13). Give q(y).
20
Let h(t) = -t**2 + 2*t - 9. Suppose -b + 36*b + 51*b = 0. Give h(b).
-9
Let z(x) be the first derivative of -x**3/3 - 5*x**2/2 + 11*x - 1983. Determine z(-6).
5
Let x(a) be the second derivative of -5*a**3/6 + 73*a**2/2 - 211*a - 3. Give x(18).
-17
Let o(q) = 205*q**2 - 1193*q - 234. Let t be o(6). Let u(k) be the third derivative of -k**6/120 - 13*k**5/60 - 7*k**4/12 - 9*k**3/2 - k**2. Give u(t).
-3
Let v be (-67)/(-13) + 2/(-13). Suppose -5 = -v*c - 0*c. Let a(t) = -t**2 + t - 4 + 3*t + 1 + c. Calculate a(4).
-2
Let s be (-234)/15 - ((-52)/(-5) + -9). Let v(l) = l**2 + 21*l - 19. Give v(s).
-87
Let w(a) = a**2 - 14*a + 45. Let s be w(5). Let d(n) = 12 + s - n - 8. Determine d(9).
-5
Suppose -59*d - 18 = -68*d. Let c(q) = q + 14 + q**3 - 4 + 24*q - 8*q**d - 23*q. Determine c(7).
-25
Let d(p) = -p**3 + 14*p - 8. Let a be d(-4). Suppose 5*k = 4*q - 4, a*q + 3*q = -4*k - 28. Let s(t) = -7*t. What is s(q)?
28
Suppose 6 = 2*y, 283*g - 284*g - 14 = -3*y. Let k(j) = -2*j - 31 + 0*j + 8 + 16. Determine k(g).
3
Let o(c) = c**3 - 24*c**2 + 3*c - 64. Suppose 0 = 2*g - 40 - 8. Let t be o(g). Let i(x) = -x**2 + 8*x + 1. Give i(t).
1
Suppose 2*p - 3*d + 89 = 116, 3*p + 4*d = -2. Let g(s) be the first derivative of -1/4*s**4 + 5*s - 5/3*s**3 + s**2 + p. Give g(-5).
-5
Let u(y) be the second derivative of -y**4/12 + 2*y**3/3 - 5*y**2/2 + y. Let i = -44 + 48. Let l be 10/(-3)*i*12/(-32). Calculate u(l).
-10
Let f(a) be the first derivative of 2*a**3/3 - 16*a**2 + 2*a + 6103. Determine f(16).
2
Let c = -8 - -13. Let m(t) = 4*t**2 + 16. Let d(k) be the first derivative of k**3/3 + 4*k - 59. Let j(n) = -9*d(n) + 2*m(n). Give j(c).
-29
Suppose -4*r = 945*b - 949*b + 84, -3*b = 5*r + 81. Let k(s) = s**3 + 18*s**2 - s - 27. Calculate k(r).
-9
Let n(b) = -5*b**2 + 86*b - 15. Let p(u) = 5*u**2 - 63*u - 129. Let m be p(-2). What is n(m)?
2
Let s(i) = 2*i**3 + 10*i**2 - 6. Let k(g) be the second derivative of -5*g**4/12 + 17*g**3/6 - 11*g**2/2 + 32*g + 1. Let j be k(3). Determine s(j).
-6
Suppose 0*w + 2*s = -w + 25, -s = -w + 10. Suppose -w = -3*g, 2*g = -3*v + v + 12. Let b(x) = -8*x**2 - 9*x**3 - 3*x**3 + 8*x + 10*x**3 + v + x**3. Give b(-9).
10
Let w be ((-36)/(-45))/(1/210). Let v be (w + 40/(-5))*(2 + -1). Let h(u) = 167*u - 326*u - 7 + v*u. What is h(7)?
0
Let p(i) be the second derivative of -1/6*i**3 - 1/8*i**4 - 13/2*i**2 - 18*i + 0. Let h(q) be the first derivative of p(q). Determine h(-1).
2
Let s(u) be the first derivative of 3*u**2/2 - 43*u - 185. Determine s(16).
5
Let q(g) be the second derivative of -7/6*g**3 + g**2 + 1/12*g**4 + 83*g + 0. What is q(6)?
-4
Suppose -r = -4*o + 28, -2*o = -5*o + 3*r + 21. Suppose 0 = o*v - 21 - 0. Let d(h) = -16 + 2*h**v + 3*h**2 + 10 + 6*h - 3*h**3. What is d(4)?
2
Let p = 20 + 1. Let n = 23 - p. Suppose -3*c + 6*k = n*k - 4, -3*c = 3*k + 3. Let i(a) = -a**2 + a - 4. Calculate i(c).
-4
Let r(d) = -12*d. Let z(m) = -m + 9. Let q(h) = -2*r(h) - 2*z(h). Give q(1).
8
Let a(l) = l**2 + 16*l + 2. Let v(j) = -j**3 + 9*j**2 - 15*j - 30. Let p be v(6). What is a(p)?
-46
Let l(g) = g**3 - 5*g**2 - 48*g - 6. Let f be l(10). Let c = 17 + -8. Let b(m) = -8 + 2*m - c + f. What is b(3)?
3
Let c(p) be the third derivative of p**8/20160 - 11*p**7/5040 - 11*p**6/720 - 11*p**5/15 - 59*p**2. Let r(y) be the third derivative of c(y). Determine r(12).
1
Suppose -4675 + 1347 = -4*r. Let k be r/182 - (-8)/(-14). Let d(m) = -5*m + 6. Give d(k).
-14
Let p(b) = 4*b + 1. Suppose 4*f + f + 3*q = -150, -2 = f - 5*q. Let z = f + 26. Calculate p(z).
-3
Let r(k) = -k**3 - 3*k**3 + 5*k**3 + 0*k - 8 + 9*k - 7*k**2. Let m be (12/15)/((196/105)/14). Suppose -d = 2*b, -m*b - 45 = -5*d - b. What is r(d)?
10
Suppose 0 = 3*l + 2*d - 100, -l + 7*d - 11*d = -30. Suppose 12*g - l = 2. Let s(r) = -r**3 + 4*r**2 - 5*r + 5. Give s(g).
-1
Let q(u) = -5*u + 2. Let m = 57 - 84. Let a = m - -37. Suppose 12 = y + a. Calculate q(y).
-8
Let g(a) = 8*a - 2. Suppose 3*j + 18 = -3*r, -5*r = j - 2*r + 16. Determine g(j).
-10
Let z be 120/(-45) + 459/81. Let q(u) = 2*u**3 - 3*u**2 - 5*u + 3. Give q(z).
15
Let x be (-33)/(-6)*(-36)/(-99) - (-4 + 7). Let w(o) be the first derivative of -o**2/2 + o - 4. Calculate w(x).
2
Let s(p) be the first derivative of -p**4/4 + 2*p**3 + 9*p + 672. Calculate s(7).
-40
Let q(m) = -9*m**3 + 42*m**2 + 42*m + 180. Let y(p) = -16*p**3 + 83*p**2 + 82*p + 365. Let w(a) = 7*q(a) - 4*y(a). Determine w(39).
-5
Let z(a) be the first derivative of -a**3/3 + 3*a**2/2 - 72*a - 6680. Calculate z(0).
-72
Suppose 0 = -21*a + 361 - 130. Suppose 2*n = 2*w + 16, -a*n + 12*n = 3*w + 14. Let b(h) = 1 + h - 2 - 2. What is b(n)?
2
Let o = 2664 - 2682. Let i(h) = h + 22. Give i(o).
4
Let v(i) = 3*i**2 + 76*i - 45. Let h be v(-26). Let o(u) = -110*u**2 + 0*u**3 + u**3 + 116*u**2 - 1 + 0 + h. Calculate o(-6).
6
Let z(d) = 102*d - 4. Suppose 172*t + 21 = 167*t - 3*s, -14 = 2*s. What is z(t)?
-4
Let c(l) = -2*l**2 + 11*l - 15. Let h be 5/((-15)/4)*(-36)/16. Let x be c(h). Let n(i) = i + 9. Give n(x).
9
Let v(i) be the first derivative of i**4/2 + 40*i**3/3 + i**2 + 49*i + 1931. What is v(-20)?
9
Suppose -220*p - 1357 = 3043. Let s(w) = 10*w + 203. What is s(p)?
3
Let u(c) = 16*c**3 - c + 1. Suppose -3*b + 0*b = -5*k - 21, -4*b = 4*k + 4. Suppose 0*d + 4*y = -5*d + 9, -3*d = -y - b. Calculate u(d).
16
Let y = 4 - 1. Suppose 3 = y*r - 0. Let a(o) = r + 4 - o**2 - 6 + 4 - o. Give a(4).
-17
Let v(t) = -t**3 + 5*t**2 - 3*t + 2. Let m = -204 + 212. Suppose m*i + 22 = 62. Give v(i).
-13
Let m(c) = -13*c**3 - 3*c**2 - 2*c + 6. Let j(w) = -6*w**3 - w**2 - w. Let k(s) = -2*j(s) + m(s). Calculate k(3).
-30
Let r(k) = 2*k - 1. Let a be r(18). Let q(z) = 12*z**2 - 36 + a - 17*z - 20. Let g(w) = -3*w**2 + 4*w + 5. Let b(s) = 9*g(s) + 2*q(s). Calculate b(-2).
-13
Let i(k) be the second derivative of k**4/12 - 2*k**3 + 21*k**2/2 - 251*k + 1. Determine i(9).
-6
Let y be (-289)/(-578) - 1/(-1)*(-76)/8. Let t(o) = -93*o - 832. Determine t(y).
5
Let r be (-1)/3 - (3 - (-16)/(-3)). Let i be 15/(10/(-6) + r). Let q = i + -48. Let v(t) = -t**2 - 2*t - 2. Calculate v(q).
-5
Let m(c) be the third derivative of 3*c**4/8 - 17*c**3/6 - 9415*c**2. Give m